
3003
Calculate the remainder when 9311185 is divided by 3103387.
1024
Calculate the remainder when 78773 is divided by 25553.
2114
What is the remainder when 4646388 is divided by 18?
12
What is the remainder when 65784881 is divided by 178?
175
What is the remainder when 110651 is divided by 54035?
2581
Calculate the remainder when 2039595 is divided by 135972.
15
Calculate the remainder when 25109173 is divided by 849.
847
What is the remainder when 112471 is divided by 4496?
71
What is the remainder when 39367632 is divided by 105?
87
Calculate the remainder when 170912 is divided by 85223.
466
What is the remainder when 702215 is divided by 140421?
110
Calculate the remainder when 15519412 is divided by 28.
20
What is the remainder when 535621 is divided by 28?
9
Calculate the remainder when 1112052 is divided by 9115.
22
What is the remainder when 621537 is divided by 15?
12
What is the remainder when 21551243 is divided by 3966?
3965
Calculate the remainder when 77444736 is divided by 18.
6
What is the remainder when 51871429 is divided by 305126?
9
Calculate the remainder when 661490349 is divided by 53.
52
What is the remainder when 5241620 is divided by 227896?
12
Calculate the remainder when 51600 is divided by 10310.
50
Calculate the remainder when 1296955 is divided by 216157.
13
What is the remainder when 1618626 is divided by 6024?
4194
What is the remainder when 124935 is divided by 513?
276
Calculate the remainder when 75746099 is divided by 978.
977
Calculate the remainder when 15013271 is divided by 582.
581
Calculate the remainder when 8402448 is divided by 28.
12
Calculate the remainder when 5966742 is divided by 4.
2
Calculate the remainder when 17143720 is divided by 541.
512
Calculate the remainder when 220674 is divided by 18305.
1014
What is the remainder when 8752150 is divided by 193?
179
What is the remainder when 9282550 is divided by 668?
22
What is the remainder when 472069 is divided by 86?
15
What is the remainder when 31389758 is divided by 27?
17
What is the remainder when 582423 is divided by 194103?
114
Calculate the remainder when 4705 is divided by 3330.
1375
Calculate the remainder when 34669552 is divided by 48.
16
What is the remainder when 144853 is divided by 214?
189
What is the remainder when 1184914 is divided by 1184778?
136
Calculate the remainder when 2223159 is divided by 1523.
1102
What is the remainder when 18796313 is divided by 9734?
9693
What is the remainder when 2710307601 is divided by 14052?
14049
Calculate the remainder when 12504698 is divided by 25.
23
Calculate the remainder when 197325 is divided by 2322.
2277
Calculate the remainder when 4733619 is divided by 3.
0
Calculate the remainder when 39817438 is divided by 15285.
13
What is the remainder when 1135883 is divided by 210?
203
What is the remainder when 166452601 is divided by 83226280?
41
Calculate the remainder when 97838 is divided by 48895.
48
Calculate the remainder when 17347400 is divided by 33.
26
What is the remainder when 28818214 is divided by 21?
19
Calculate the remainder when 1377869 is divided by 12998.
81
Calculate the remainder when 19658 is divided by 6705.
6248
Calculate the remainder when 63089 is divided by 14169.
6413
Calculate the remainder when 252667 is divided by 3397.
1289
What is the remainder when 3124461 is divided by 63?
39
What is the remainder when 10571495 is divided by 10571479?
16
Calculate the remainder when 14640113 is divided by 12.
5
Calculate the remainder when 140089 is divided by 10006.
5
What is the remainder when 1250902 is divided by 738?
730
Calculate the remainder when 5407349 is divided by 1802425.
74
Calculate the remainder when 1819047 is divided by 77.
76
Calculate the remainder when 1858834 is divided by 371754.
64
What is the remainder when 476177 is divided by 476176?
1
Calculate the remainder when 220737439 is divided by 56.
55
What is the remainder when 84609 is divided by 400?
209
What is the remainder when 49984 is divided by 4961?
374
What is the remainder when 579496 is divided by 18692?
44
Calculate the remainder when 736906 is divided by 245605.
91
What is the remainder when 238642 is divided by 437?
40
Calculate the remainder when 12608929 is divided by 1400991.
10
Calculate the remainder when 81414 is divided by 761.
748
What is the remainder when 283541 is divided by 2083?
253
What is the remainder when 1049449 is divided by 748?
5
What is the remainder when 38132226 is divided by 843?
807
Calculate the remainder when 109898081 is divided by 2216.
2209
Calculate the remainder when 11389 is divided by 1210.
499
What is the remainder when 2730375 is divided by 178?
33
What is the remainder when 20981113 is divided by 5589?
7
Calculate the remainder when 140213 is divided by 894.
749
What is the remainder when 8612 is divided by 203?
86
Calculate the remainder when 442237 is divided by 16.
13
Calculate the remainder when 18874536 is divided by 157.
153
Calculate the remainder when 814545369 is divided by 9597.
9591
Calculate the remainder when 65355 is divided by 778.
3
Calculate the remainder when 138058 is divided by 138057.
1
What is the remainder when 393750 is divided by 288?
54
What is the remainder when 7794241 is divided by 88?
81
What is the remainder when 28972286 is divided by 226?
216
Calculate the remainder when 1013495 is divided by 61.
41
What is the remainder when 34262 is divided by 445?
442
What is the remainder when 36080917 is divided by 740?
737
What is the remainder when 43153139 is divided by 1762?
1759
Calculate the remainder when 1489328 is divided by 4231.
16
What is the remainder when 47583456 is divided by 25270?
46
What is the remainder when 235759 is divided by 235623?
136
Calculate the remainder when 79885 is divided by 39053.
1779
What is the remainder when 32667865 is divided by 1064?
937
What is the remainder when 17035 is divided by 5629?
148
What is the remainder when 51927 is divided by 12959?
91
What is the remainder when 8238039 is divided by 1133?
1129
Calculate the remainder when 80604324 is divided by 11.
9
What is the remainder when 1285384 is divided by 2707?
2266
Calculate the remainder when 13237696 is divided by 7.
3
What is the remainder when 20440 is divided by 10218?
4
What is the remainder when 36877610 is divided by 71?
68
What is the remainder when 281953 is divided by 1043?
343
What is the remainder when 2064329 is divided by 348?
341
What is the remainder when 5487758 is divided by 5487741?
17
Calculate the remainder when 50405 is divided by 16792.
29
What is the remainder when 233086 is divided by 1058?
326
What is the remainder when 108317 is divided by 9049?
8778
What is the remainder when 13861613 is divided by 365?
8
What is the remainder when 343689 is divided by 85903?
77
Calculate the remainder when 91419490 is divided by 41.
27
Calculate the remainder when 9752896 is divided by 20.
16
What is the remainder when 2103 is divided by 991?
121
What is the remainder when 699954 is divided by 333?
321
What is the remainder when 36259859 is divided by 54?
47
What is the remainder when 137983 is divided by 137893?
90
What is the remainder when 21009884 is divided by 808072?
12
What is the remainder when 420714 is divided by 1917?
891
Calculate the remainder when 113232 is divided by 919.
195
Calculate the remainder when 19255328 is divided by 1512.
8
Calculate the remainder when 21472404 is divided by 362.
12
What is the remainder when 7107027 is divided by 89?
21
What is the remainder when 99782721 is divided by 526?
521
What is the remainder when 14194696 is divided by 130?
126
What is the remainder when 22682520 is divided by 11341259?
2
Calculate the remainder when 2624670 is divided by 934.
130
Calculate the remainder when 5520944 is divided by 345056.
48
What is the remainder when 327017 is divided by 1924?
1861
Calculate the remainder when 44094392 is divided by 21.
20
Calculate the remainder when 328354 is divided by 415.
89
What is the remainder when 7374683 is divided by 737459?
93
Calculate the remainder when 36900 is divided by 9166.
236
Calculate the remainder when 910920 is divided by 101198.
138
What is the remainder when 222905 is divided by 8942?
8297
Calculate the remainder when 19458